ose m - 237 = -2*d, 5*m - 246 = 4*m - 5*d. What is the hundreds digit of m?
2
Suppose -a - 16 = -5*k, 2*k - 3*a + 7 = 16. Let x(t) = 2*t - 2. Let g be x(4). Let h = g - k. What is the units digit of h?
3
Let w = 18 + -6. What is the tens digit of w?
1
Suppose -2*g + 1090 = 8*g. What is the tens digit of g?
0
Let l(f) = 4*f - 9. Let y(q) = 2*q - 4. Let b(t) = -2*l(t) + 5*y(t). Let r be b(3). Suppose r*k = 56 - 12. What is the units digit of k?
1
Let d(o) = o**2 + 6*o - 15. Let b(x) = -x**3 + 4*x**2 - 2*x - 1. Let j be b(4). What is the tens digit of d(j)?
1
Let x = 784 - 523. What is the tens digit of x?
6
Suppose 0 = -24*q + 22*q + 266. What is the hundreds digit of q?
1
Suppose -k - m + 135 = 4*k, 0 = -k - m + 27. What is the units digit of k?
7
What is the tens digit of 2 + (-3)/(-3) - (-81 - -3)?
8
Let i(q) = -20*q - 19. What is the hundreds digit of i(-9)?
1
Suppose -t + 0*t + y = -49, 5*t - 225 = -5*y. What is the tens digit of t?
4
Let l = 6 - -4. What is the tens digit of l?
1
Let u = -627 - -947. What is the tens digit of u?
2
Let x be 78 + (-5)/(20/(-12)). Let q = -52 + x. What is the units digit of q?
9
Let w be (-1)/4 - 18/(-8). Let g = -5 + w. What is the units digit of (g/2)/(3/(-16))?
8
Let x(q) be the third derivative of -1/24*q**4 + 0 + 0*q - 1/6*q**3 + 2*q**2. What is the units digit of x(-5)?
4
Suppose 62 = 5*w - 28. Let d = -10 + w. What is the units digit of d?
8
What is the units digit of -1*(-4 + 2)*(-354)/(-12)?
9
Let o be 9/12 - 6/8. Suppose -2*d + 2*t - 7*t - 9 = o, 3 = -t. What is the units digit of (d/(-3))/1 + 4?
3
Let m(w) = w**2 - 6*w + 7. Let b(q) = q**3 - 3*q**2 + q + 2. Let l be b(3). Let u be m(l). What is the units digit of 75/10 + u/4?
8
Let f(t) = t**3 + 5*t**2 + 7*t + 2. Let w(q) = q**3 + 4*q**2 + 7*q + 2. Let j(i) = -3*f(i) + 2*w(i). Let a be 52/(-8) - (-1)/2. What is the units digit of j(a)?
4
Let j(r) = r**2 + 3 - 5*r**2 + 0 - 5*r + r**3. Let k be j(5). Suppose 4*y = -k*g + 11, 5*y + 4 = g + 6*y. What is the units digit of g?
5
Suppose 29 = -5*o + w, -3*o - 8 = -2*o + 2*w. Let z = -30 + 21. What is the tens digit of 90/4*o/z?
1
Let y(f) = -f**3 + 7*f**2 + f - 9. Let b be y(7). Let z = 4 + b. Suppose 3 = 5*h + z*i, 2*i + 2*i + 3 = -h. What is the units digit of h?
1
Let o be (-2)/(-11) + (-84)/(-22). Suppose 0 = v - 6 + o. Suppose 2*g - v = 8. What is the units digit of g?
5
Suppose 2*m + 5*b - 149 = 0, -3*b + 15 = -0*b. What is the units digit of m?
2
Suppose 3*u = -5*s - 2*u + 1345, 0 = -4*s + 4*u + 1092. What is the hundreds digit of s?
2
Let o = 28 - 4. Suppose -5*n = 4*l + 15, 4*l + 2*n + 6 = -o. Let f = l - -22. What is the units digit of f?
2
Let i = 17 - -23. Let j = -29 + i. What is the tens digit of j?
1
Let j(d) = -5. Let n(o) be the second derivative of o**3/6 - 5*o**2/2 + o. Let p(c) = -2*j(c) + 3*n(c). What is the units digit of p(4)?
7
Let o = 9 + -4. Let c = o + -2. Suppose c*r = r + 4. What is the units digit of r?
2
Suppose -112 = -4*t - 4*q, -1 = -t - 5*q + 15. What is the units digit of t?
1
Suppose -1 + 0 = -r. Let y be 6 + -2 + r + 1. What is the tens digit of (-7)/(9/y + -2)?
1
Let p(g) = -g**2 - 7*g + 1. Let a be p(-6). What is the units digit of (-1)/((-2)/(a*2))?
7
Let i(l) = -l**3 - l**2 + l + 10. Suppose 5*f = 2*f. Let c be i(f). Let s = 16 - c. What is the units digit of s?
6
Let g(h) = 6*h**2 - 1. Let r be g(-1). Suppose 0 = y - 5*s - 10, r*y - 4*s - 28 = 43. What is the units digit of y?
5
Suppose s + 38 = k + 2*s, -3*k = -2*s - 99. What is the units digit of k?
5
Let o = -9 + 11. Let t = 7 + o. What is the units digit of t?
9
What is the units digit of (-1 - 0)*(-38 + 12/(-4))?
1
Let d = 4 + -9. Let z(r) = -r**3 - 5*r**2 + 2*r + 6. Let t be z(d). Let y = -1 - t. What is the units digit of y?
3
Let p(o) = -o**3 + 10*o**2 + 6*o + 2. Let g(t) = -5*t**3 + 51*t**2 + 31*t + 11. Let c(h) = -2*g(h) + 11*p(h). What is the tens digit of c(8)?
3
Let j(r) = -r**3 - 6*r**2 - 4*r + 5. Let v be j(-5). Let c(l) = l**2 + v*l + 0*l**2 - 2*l. What is the units digit of c(-2)?
8
Suppose -23 = -4*d + 1. What is the units digit of 116/d + 2/3?
0
Let d(f) = 2*f**2 - 13*f + 10. Let s be d(8). Suppose 0 = -a - u + 8 - 1, -2*a + s = -2*u. What is the units digit of a?
2
What is the units digit of 10/(250/(-15)) + 1496/10?
9
Let b(q) = q**3 - q**2. Let l be b(2). Suppose -4*j = n + 9, 5*j = -l*n - n. Suppose 3*u = -2*x + 17, -x = -3*u + n - 7. What is the units digit of x?
7
Suppose 3*z = d - 21, 5*d + 16 - 1 = -5*z. Let r = -10 - z. Let p = 6 + r. What is the units digit of p?
2
Let k be (-9)/36 + 22/(-8). Let x = k + 9. What is the units digit of 208/36 + x/27?
6
Suppose 3*i = 4*p - 35, 2*i + 18 = -3*p + 6. What is the units digit of 0 + (-4 - i*3)?
3
Let d(o) = 20*o**2 + 12*o - 21. Let q(k) = -7*k**2 - 4*k + 7. Let u(c) = -6*d(c) - 17*q(c). What is the units digit of u(-5)?
2
Let b = -8 + 13. Suppose -2*j + 3 = -b. Suppose i = j*i - 30. What is the units digit of i?
0
What is the tens digit of 193 + (28/21)/(4/(-6))?
9
Let w be 3 - (-2)/((-6)/3). What is the units digit of -2*(105/w)/(-7)?
5
Suppose -4*s + 21 = -2*b + 419, 2*b = 3*s + 398. What is the tens digit of b?
9
Let y be (-4)/6*-3 - -13. Let r = 15 - 23. Let j = y + r. What is the units digit of j?
7
Suppose 5*l + 21 = 586. Suppose -4*n + 155 = -3*j, -3*n + 2*j + l = -2. What is the tens digit of n?
3
Let o = -30 + 26. Let q = 48 - o. What is the units digit of q?
2
Suppose 11*b - 10*b - 240 = 0. What is the hundreds digit of b?
2
Let a(n) = -n**2 - 12*n - 6. Let r be a(-9). Let z = r - 13. What is the units digit of z?
8
Suppose -2*b + 24 = -116. What is the units digit of b?
0
Let m = 8 - 6. Suppose l + 3*t = 7, 6*l - m*t - 1 = l. What is the units digit of ((-1)/(l - 0))/(-1)?
1
Let a = -77 - -148. What is the units digit of a?
1
Suppose 30 - 4 = 2*m. What is the units digit of m?
3
Suppose -2*b - b = -330. Suppose 0*p - 5*p = -5*h - b, 2*p = -5*h + 44. What is the units digit of p?
2
Let a = 4 - 2. Suppose -2*f = a*f - 40. What is the units digit of f?
0
What is the hundreds digit of (0 - (-6)/9)/((-3)/(-1323))?
2
Let k(v) = 4*v**2 - 2*v + 3. Let z(h) = 5*h**2 - 2*h + 2. Let y(b) = 4*k(b) - 3*z(b). What is the units digit of y(4)?
4
Suppose 5*s + 455 + 245 = 5*o, 1 = -s. What is the tens digit of o?
3
Suppose 15 = -2*v + v. Let o(a) = a**2 + 2*a + 1. Let n be o(-6). Let m = v + n. What is the tens digit of m?
1
What is the tens digit of 6/(48/1298) + 1/(-4)?
6
Let c(p) = -p**2 + 6*p - 6. Let z be c(6). What is the units digit of 6/(-9) + (-70)/z?
1
Let a(h) = -h - 9. Let n(l) = -l - 10. Let d(q) = -5*a(q) + 4*n(q). What is the units digit of d(7)?
2
Let x(m) be the third derivative of 7*m**5/60 - m**4/12 - m**3/3 + 7*m**2. What is the tens digit of x(2)?
2
Let k = 7 + 1. What is the units digit of k?
8
Let b(c) = c. Let w be b(-4). Let u(x) = x**2 + 5*x + 6. Let g be u(w). Suppose -g*q - 30 = -5*q. What is the tens digit of q?
1
Let p = 104 + -63. What is the units digit of p?
1
What is the tens digit of 8/((6/120)/1)?
6
Let a = -12 + 45. What is the units digit of a?
3
Let y(w) = w**2 + 7*w + 4. Suppose -28 = 4*u - 4. Let x be y(u). What is the units digit of (x/(-5))/((-2)/(-10))?
2
Let h = 178 - 111. What is the units digit of h?
7
Let r = 93 + -26. What is the units digit of r?
7
Let y(d) = d**2 + 5*d - 2. Let x = -4 - 2. Let b be y(x). Suppose 6 = b*p + 26, 5*p + 45 = 5*g. What is the units digit of g?
4
Suppose -3 + 5 = l. Let x(f) = -f**3 + 3*f**2 - 2. Let i be x(l). Let n(h) = 3*h**2 + h - 1. What is the tens digit of n(i)?
1
Suppose 8*t + 29 = -n + 3*t, 3*t + 15 = 0. Let f be 250/40 + 1/n. Suppose -5*h + 2*q = q - f, 3*q = -4*h + 1. What is the units digit of h?
1
Suppose -13 = -3*v + 50. Suppose 0 = 4*o - 201 + v. Suppose o = -0*g + 3*g. What is the tens digit of g?
1
Suppose 9*p = 6*p. Let v(c) = -2*c + 33. What is the units digit of v(p)?
3
Let g(f) = -2*f + 7*f + 2 + 1. Let x be g(-2). Let p = 12 + x. What is the units digit of p?
5
Let c be (9 + -2 + -4)*1. Suppose -c*i = -108 - 21. What is the tens digit of i?
4
Suppose 103 + 113 = 2*w. What is the hundreds digit of w?
1
Let y(l) = l**3 - 14*l**2 + 14*l + 4. What is the units digit of y(13)?
7
Let c be -1 - (2 - 1 - 36). Suppose 3*x - c = -5*k, -2*x + 4*k - k + 29 